{"id":101,"date":"2022-01-14T22:30:59","date_gmt":"2022-01-14T22:30:59","guid":{"rendered":"http:\/\/as-alai.ro\/?page_id=101"},"modified":"2022-03-16T23:00:39","modified_gmt":"2022-03-16T21:00:39","slug":"publicatii","status":"publish","type":"page","link":"https:\/\/as-alai.ro\/?page_id=101","title":{"rendered":"Publica\u021bii (revist\u0103)"},"content":{"rendered":"\n<figure class=\"wp-block-image size-full is-resized\"><img loading=\"lazy\" decoding=\"async\" src=\"https:\/\/as-alai.ro\/wp-content\/uploads\/2022\/03\/IMG-20220311-WA0003.jpg\" alt=\"\" class=\"wp-image-1246\" width=\"795\" height=\"795\" srcset=\"https:\/\/as-alai.ro\/wp-content\/uploads\/2022\/03\/IMG-20220311-WA0003.jpg 360w, https:\/\/as-alai.ro\/wp-content\/uploads\/2022\/03\/IMG-20220311-WA0003-300x300.jpg 300w, https:\/\/as-alai.ro\/wp-content\/uploads\/2022\/03\/IMG-20220311-WA0003-150x150.jpg 150w\" sizes=\"auto, (max-width: 795px) 100vw, 795px\" \/><\/figure>\n\n\n\n<h2 class=\"has-text-align-center wp-block-heading\"><strong>Revista rom\u00e2n\u0103 de dreptul<br>propriet\u0103\u0163ii intelectuale<br><br>apare din ini\u0163iativa <\/strong><br><strong><br>ASOCIA\u0162IEI \u015eTIIN\u0162IFICE DE DREPTUL<br>PROPRIET\u0102\u0162II INTELECTUALE<br>\u015fi a<br>UNIVERSIT\u0102\u0162II \u201eNICOLAE TITULESCU\u201d BUCURE\u015eTI<\/strong><br><br><strong>cu sprijinul<\/strong><br><br><strong>Editurii \u201eUniversul Juridic\u201d<\/strong><\/h2>\n","protected":false},"excerpt":{"rendered":"<p>Revista rom\u00e2n\u0103 de dreptulpropriet\u0103\u0163ii intelectuale apare din ini\u0163iativa ASOCIA\u0162IEI \u015eTIIN\u0162IFICE DE DREPTULPROPRIET\u0102\u0162II INTELECTUALE\u015fi aUNIVERSIT\u0102\u0162II \u201eNICOLAE TITULESCU\u201d BUCURE\u015eTI cu sprijinul Editurii \u201eUniversul Juridic\u201d<\/p>\n","protected":false},"author":1,"featured_media":0,"parent":0,"menu_order":0,"comment_status":"closed","ping_status":"closed","template":"","meta":{"footnotes":""},"class_list":["post-101","page","type-page","status-publish","hentry"],"acf":[],"_links":{"self":[{"href":"https:\/\/as-alai.ro\/index.php?rest_route=\/wp\/v2\/pages\/101","targetHints":{"allow":["GET"]}}],"collection":[{"href":"https:\/\/as-alai.ro\/index.php?rest_route=\/wp\/v2\/pages"}],"about":[{"href":"https:\/\/as-alai.ro\/index.php?rest_route=\/wp\/v2\/types\/page"}],"author":[{"embeddable":true,"href":"https:\/\/as-alai.ro\/index.php?rest_route=\/wp\/v2\/users\/1"}],"replies":[{"embeddable":true,"href":"https:\/\/as-alai.ro\/index.php?rest_route=%2Fwp%2Fv2%2Fcomments&post=101"}],"version-history":[{"count":10,"href":"https:\/\/as-alai.ro\/index.php?rest_route=\/wp\/v2\/pages\/101\/revisions"}],"predecessor-version":[{"id":1323,"href":"https:\/\/as-alai.ro\/index.php?rest_route=\/wp\/v2\/pages\/101\/revisions\/1323"}],"wp:attachment":[{"href":"https:\/\/as-alai.ro\/index.php?rest_route=%2Fwp%2Fv2%2Fmedia&parent=101"}],"curies":[{"name":"wp","href":"https:\/\/api.w.org\/{rel}","templated":true}]}}